7
Let g be (-81)/(-27) + -1 + 0. Suppose x + 5*n = 64, g*x - 59 = -n + 33. What is the greatest common divisor of x and 12?
4
Suppose -3640 = 103*d - 90*d. Let k = 314 + d. Calculate the highest common divisor of 153 and k.
17
Suppose -u - 22 + 50 = 0. Suppose -144*y = -155*y + 1078. Calculate the highest common factor of y and u.
14
Let u(r) = r**3 + 8*r**2 - 11*r + 7. Let j be u(-9). Suppose -40*w + j = -35*w. Let i be w + 1 - 2*-2. What is the highest common divisor of i and 70?
10
Let b = -9727 + 9885. What is the greatest common divisor of b and 5056?
158
Let m be ((-808430)/18)/(-7) + 18/(-162). What is the highest common divisor of m and 16?
16
Suppose -h = 5*f - 84660, -f + 13216 + 3716 = 3*h. Calculate the greatest common divisor of f and 136.
68
Let n(j) = 5*j**2. Let p be n(1). Suppose -p*v - 9 = -69. Let w(x) = 2*x**2 - 25*x - 12. Let o be w(14). Calculate the highest common divisor of o and v.
6
Let x be (8/4 + -32)*4/(-5). Let t(h) = -h**3 - 4*h**2 + 34*h - 20. Let p be t(-10). Calculate the greatest common divisor of x and p.
24
Suppose 5*d - 35 + 6 = -r, 0 = -5*r + d + 15. Suppose -2*t = 4*k - 416, r*k + 293 + 123 = 2*t. What is the greatest common factor of t and 13?
13
Let u(s) = s**2 + 3*s + 7. Suppose -r - 4 = 4*i, 0*r = -2*i + 2*r + 8. Let z be u(i). Suppose z = -6*x + 19. What is the greatest common factor of 6 and x?
2
Suppose -5*b + 5*g - 174 = -444, -2*g + 36 = b. Calculate the greatest common factor of 4020 and b.
12
Let b = -564 + 640. Suppose -b*f = -61*f - 1170. Calculate the highest common factor of 117 and f.
39
Let v(l) = 2 + 3 - l - 3. Let x be v(-10). Let t(k) = 5*k**2 - 1. Let f be t(1). Calculate the greatest common divisor of x and f.
4
Let d be (66/(-44))/(6/8). Let m be d + -1 + 4 + 2. Suppose 2*x - 50 = -m*x. What is the highest common divisor of 40 and x?
10
Suppose 271 = 3*f - 0*f + 4*y, f + 4*y - 85 = 0. Let n = f + -53. Let i(h) = -66*h - 980. Let w be i(-15). Calculate the greatest common divisor of n and w.
10
Suppose 268 = -30*f - 32. Let h(n) = -n**2 - 15*n - 33. Let p be h(f). What is the highest common divisor of p and 255?
17
Let h = -330 - -330. Suppose -467 = -3*u + 2*u - 2*t, 4*t + 4 = h. What is the greatest common divisor of 7 and u?
7
Let q(v) = 2*v**3 + 5*v**2 - 3*v + 9. Let d be q(-4). Let h be d/2*120/(-18). Calculate the greatest common divisor of h and 54.
18
Let t(h) = 34*h + 102. Let n be t(-3). Suppose -2*q - 4 = 30. Let k be (-18 - q)*(2 + (-3 - n)). What is the highest common divisor of k and 8?
1
Let c = 6 + -3. Suppose 11 = c*v - 5*r, 36 - 5 = 5*v - 2*r. Let h be (4 - (-5 + (7 - 5)))/1. Calculate the greatest common factor of v and h.
7
Let p(q) = 2*q**2 - 6*q + 1. Let z be ((-39)/12)/(9/36). Let v be (z/((-26)/(-20)))/(-2*1). Let t be p(v). What is the greatest common factor of t and 21?
21
Let y be 49*(4 + 182/(-49)). Let j(f) = f**3 + 9*f**2 - 8*f + 30. Let d be j(-10). Calculate the highest common factor of y and d.
2
Suppose -5*u = -5, -h - 11*u = -15*u - 69. Calculate the greatest common divisor of 2263 and h.
73
Let j = 5676 + -5652. What is the highest common factor of 750 and j?
6
Let j(m) = 6*m - 2. Let w be j(2). Let s(v) = 21 - v + 13 - 17 + 27. Let o be s(w). Calculate the highest common factor of o and 340.
34
Let h = -280 - -284. Suppose -11*p - 4*c = -12*p + 440, 2*p - h*c - 864 = 0. What is the greatest common factor of 53 and p?
53
Suppose 778 + 1562 = 39*v. Suppose -15 = 3*b - 75. Calculate the highest common factor of b and v.
20
Suppose -319*w + 296*w = -167440. Calculate the greatest common factor of 40 and w.
40
Suppose 2*i - 13 = -5*l + 10, 2*i = -l + 11. Suppose -4*w + 5 = 5*g - 3*w, 0 = w. Suppose x - i = g. Calculate the highest common divisor of 5 and x.
5
Let j be (-33)/(-7) - 5/((-35)/2). Suppose -j*r = 3*o + 2*o - 60, -3*o - 9 = -2*r. Suppose -116 - r = -p. Calculate the highest common divisor of p and 25.
25
Let d = -4499 - -7811. What is the greatest common factor of d and 18?
18
Let g(f) = -4*f**2 - 40*f - 4. Let q = 302 - 310. Let m be g(q). What is the highest common factor of m and 15?
15
Let y be 12*((-23)/(-10) - 76/(-380)). Let h(d) = -65*d + 10. Let r be h(-4). What is the highest common divisor of r and y?
30
Let j = 5806 + -694. Calculate the greatest common divisor of 72 and j.
72
Suppose 4*u - 9 - 43 = 0. Suppose 3 - u = 5*g. Let b be (-52 - g)/(0 - 2). Calculate the highest common factor of b and 5.
5
Let i(y) = -y**2 + 5*y - 2. Let q be i(3). Let g = -778 + 1762. Suppose 1294 - 53 = 5*t - q*w, -4*t + g = -w. Calculate the highest common factor of t and 49.
49
Let a(w) = -1021*w + 902. Let q be a(-4). Calculate the greatest common divisor of 18 and q.
18
Let b be (8 - 9)/(2/4) + 482. Let u = -256 + b. What is the highest common factor of 14 and u?
14
Let h = 4 - 5. Let j(c) = -34*c. Let w be j(h). Let b = -727 + 744. Calculate the greatest common factor of b and w.
17
Let g = -13908 + 14238. What is the greatest common factor of 210 and g?
30
Let n be (-2 - (1 + -3))/2. Suppose 5*u - 15 + 79 = 3*w, u - 1 = n. Suppose -13 = b - w. Calculate the highest common factor of b and 25.
5
Suppose 2*z - 2088 = -22*z. Let u be 12*1/(-12)*-3. Suppose -2*x = 2*p - 60, -u*p + 7*p - 62 = -2*x. Calculate the highest common divisor of x and z.
29
Let d(j) = 728*j**3 + 10*j**2 - 21*j - 5. Let m be d(2). What is the greatest common divisor of 21 and m?
21
Let h be (97/5)/1 + (-48)/(-80). Let x be (-4)/(-6) + 160/12. Suppose -x = 3*j - 104. Calculate the greatest common divisor of j and h.
10
Let j(b) = 12*b**2 + 33*b + 12. Let h be j(-10). Calculate the greatest common factor of 18 and h.
18
Suppose 0*q + 20 = 4*q, 0 = 3*g - 4*q - 121. Suppose -b = -60 + g. What is the greatest common divisor of b and 13?
13
Let j be 3 - (-1 - 0/(-1)). Suppose -44*a = -30*a - 280. Suppose -2*q + 14 + a = 4*c, -3*q = j*c - 43. What is the greatest common divisor of 1 and q?
1
Let h be ((-90)/(-4))/(7/(-14)). Let o be (137 - (1 - -2))/2. Let y = h + o. Calculate the highest common factor of 198 and y.
22
Let w(s) = -s**2 + 9*s - 8. Let n be w(8). Let h = 6 + n. Suppose -2*i = -3*x + 54, -95 = -4*x - h*i + i. What is the greatest common divisor of x and 5?
5
Suppose 0 = 26*z + 787 - 9895 - 5088. What is the greatest common factor of 1974 and z?
42
Let d = 21631 - 15658. Calculate the highest common divisor of d and 396.
33
Let b be (-2)/(-5) + 173/5. Suppose -142*i + 12 = -132*i - 38. What is the highest common factor of b and i?
5
Suppose 0 = -x - 5*n + 41, -87*n = -82*n + 25. What is the greatest common factor of x and 682?
22
Suppose 2*a - 2700 = -3*a. Let d be (a/48)/((-5)/(-4) + -1). Suppose d + 11 = g. Calculate the highest common divisor of 14 and g.
14
Suppose i - y = 3660, -660*i + 3*y - 7320 = -662*i. Calculate the greatest common divisor of 84 and i.
12
Let w(v) = v**3 + 33*v**2 + 71*v - 9. Let s be w(-31). Let n be s*(-8)/(192/30). What is the greatest common factor of 135 and n?
45
Suppose 13582 = 10*s - 2768. Calculate the greatest common factor of 218 and s.
109
Let y = -2606 - -2694. Calculate the greatest common divisor of 319 and y.
11
Let n = -262 - -266. Suppose -2*w - 2 = n*v - 6, 0 = 3*w + 4*v - 6. Calculate the highest common factor of 2 and w.
2
Suppose -19*m + 6707 = -0*m. Let b = 445 - m. Calculate the highest common factor of 23 and b.
23
Let v(x) = 108*x - 23. Suppose 11 + 31 = 6*b. Let l be v(b). Suppose 359 = a + a + 3*h, -h + l = 4*a. What is the highest common factor of a and 23?
23
Let v = -28 - -48. Suppose -2*q + 10 = -v. Let x = 49 - q. Calculate the greatest common divisor of 170 and x.
34
Let y(u) = u**2 - 3*u + 2*u - 22*u + 42. Let g be y(21). Let c be 2/9 - (2154/(-27) - g). Calculate the highest common divisor of c and 16.
16
Let q be (28 + 0/(-2))*(-2 + 0). Let d = q - -103. What is the highest common divisor of 376 and d?
47
Suppose g - 5*a = 6*g, -6 = g + 3*a. Suppose 3024 = g*m - 5*x, -11*m + 12*m - 5*x - 1008 = 0. Calculate the greatest common factor of 24 and m.
24
Suppose 3*x = 41 + 22. Let t = 29 - x. Suppose 8 = 4*h, 3*n - 30 = -0*n + h - 4*h. Calculate the highest common divisor of n and t.
8
Suppose -5*y = 4*r - 2*r - 160, -2*r + 148 = -y. What is the highest common divisor of 1825 and r?
25
Let z = 11346 - 10180